greatest common factor of 37 and g?
37
Let w(r) = -6*r - 26. Let k be w(-6). Calculate the highest common factor of 25 and k.
5
Let d be 6*12/8*-3*-2. Calculate the highest common factor of 27 and d.
27
Let y(a) = 9 - 6*a - 4 + 5*a + 10. Let f be y(0). Calculate the highest common divisor of 105 and f.
15
Suppose 1 = 5*y - 24. Suppose -4*o + y = -67. Suppose 4*p + 2*c + 2*c = 20, 3*p - 43 = 4*c. What is the highest common divisor of o and p?
9
Let j(q) = -q**3 - q**2 + q + 2. Let k be j(-3). Let x(a) = 135*a + 1. Let l be x(1). Calculate the greatest common factor of l and k.
17
Let l(i) be the second derivative of 7*i**4/12 + 5*i**3/6 + 3*i**2/2 + i. Let c be l(-4). What is the highest common divisor of 19 and c?
19
Suppose 2*f - 5 = 3. Let s be ((-6)/f)/(12/(-40)). Suppose 3*d + s*h = 80, 5*h + 0*h = -2*d + 50. Calculate the greatest common divisor of d and 75.
15
Suppose 0*w = w - 5. Suppose -3*n = -n - 4*x - 14, n + w*x = 0. Let y = n - 3. What is the highest common factor of y and 2?
2
Let a(g) = -g**3 - 12*g**2 - 11*g + 5. Let j be a(-11). Calculate the highest common factor of j and 50.
5
Suppose -z + 5 = 4*z. Calculate the greatest common divisor of 1 and z.
1
Suppose 3*k + 54 = 5*b, -2*b + 5*k + 17 = 3. Suppose -4*y = -y - b. Calculate the greatest common factor of y and 8.
4
Let p be 8*-2*1 - -1. Suppose 5*o = -c - 151, 0 = 4*c - 17 + 1. Let b = p - o. Calculate the highest common divisor of b and 4.
4
Suppose -3*v - 2*u + 83 - 11 = 0, 0 = 2*u. What is the greatest common factor of v and 42?
6
Let o(p) = p + 12. Let q be o(0). Let d(t) = t**2 + 3*t + 2. Let l = -6 - -2. Let n be d(l). What is the highest common factor of q and n?
6
Suppose 3*q = -9, 0 = i + 4*i + q - 7. Suppose -i = 2*h - 50. Let c = -75 - -111. Calculate the greatest common divisor of c and h.
12
Suppose -3*k - 125 = -32. Let p = 57 + k. Let q be ((-26)/8)/(4/(-16)). Calculate the greatest common divisor of q and p.
13
Let q = 18 - 3. Suppose -5*z = w - 30, -4*w + 2*z - 82 = -202. What is the highest common divisor of q and w?
15
Let a = -80 - -27. Let p be 0 + (-3)/6*62. Let h = p - a. Calculate the highest common divisor of 2 and h.
2
Suppose -7*k - 605 = -4*c - 2*k, -2*k = 4*c - 598. Calculate the greatest common factor of 30 and c.
30
Let h = 10 + -3. Suppose 333 = a + 256. What is the highest common factor of a and h?
7
Let w(t) = 3*t**2 - 1. Let l be w(-1). Suppose -327 = c + l*c. Let v = -14 - c. Calculate the greatest common divisor of v and 19.
19
Let h = -1 - -10. Let b(a) = a**2 + 8*a - 14. Let p be b(-10). Let q = 78 - p. What is the greatest common divisor of q and h?
9
Let g = 25 + -36. Let r(o) = -5*o - 13. Let f be r(g). Calculate the highest common factor of 63 and f.
21
Suppose -2*r - 2*r + 96 = 0. Let j be ((-30)/1)/(r/(-60)). Let a = -43 - -73. What is the greatest common divisor of j and a?
15
Let t(n) = -5*n - 1. Let g be t(-11). Calculate the greatest common factor of g and 18.
18
Suppose -3*x - 106 = -5*a - 0*x, 0 = -4*a + 5*x + 90. Let n(f) = -3*f + 2. Let d be n(-2). What is the highest common factor of d and a?
4
Let z be (-62)/(-6) + 6/(-18). Suppose -d - n + 65 = 0, 0 = -4*d + n + 156 + 109. Suppose -d = 5*x - 516. Calculate the highest common divisor of x and z.
10
Let c be 52/20 + 3/(-5). Suppose 0 = 4*q + 3*i - 165, 0*q - c*i + 123 = 3*q. Calculate the greatest common factor of 13 and q.
13
Let b be 2 - -1*8/2. Suppose -2*z - 20 = -2*w, 5*z = -2*w + b*w - 40. Let f be ((-480)/18)/((-1)/3). What is the highest common divisor of f and w?
10
Suppose 29 + 67 = 4*w. Let z(h) = h**3. Let i = -4 - -6. Let d be z(i). What is the highest common factor of w and d?
8
Let r be -2*((-84)/8 - -2). Calculate the greatest common divisor of r and 153.
17
Let q be 27 - (4 - 2 - 1). Suppose -q - 9 = -5*v. What is the highest common factor of v and 63?
7
Let g(f) = -f**3 - 3*f**2 + f + 5. Let l be g(-4). Calculate the highest common factor of 136 and l.
17
Let l(q) = q**3 + 9*q**2 + 6*q - 5. Let r be l(-8). Let n(p) = -5*p**2 - 1. Let w be n(2). Let a = 32 + w. Calculate the greatest common divisor of r and a.
11
Let a be (-16 - -76)*(8/(-5) + 2). Calculate the greatest common factor of 60 and a.
12
Let g be -45*(-3)/(9/3). Calculate the greatest common divisor of g and 5.
5
Suppose 31 + 137 = 14*u. Let c = -2 - -2. Suppose -4*y + 2*m + 0*m + 194 = c, 0 = 3*y - 4*m - 148. Calculate the greatest common factor of y and u.
12
Let f = 14 + 0. What is the greatest common divisor of f and 2?
2
Let d = 4 + -4. Suppose d*u + 3*u + 3 = 0. Let i be u + 0 + (-9)/(-1). What is the greatest common divisor of 8 and i?
8
Suppose 4*u - u + 18 = 0. Let s be (-1 - -3) + (-1 - u). What is the highest common factor of s and 56?
7
Let d(s) = -s - 3. Let u be d(-8). Calculate the highest common divisor of u and 20.
5
Suppose 2*p + 6 = -2*t + 3*t, -6 = 3*p. Let h = -32 + 34. What is the greatest common factor of t and h?
2
Let w = -505 + 100. Let v be 4/(5/(w/(-2))). Let m(y) = y + 18. Let t be m(0). Calculate the highest common factor of v and t.
18
Let k(a) = -3*a - 6. Let r be -1 + 2 - 7*1. Let f be k(r). Let p(t) = t**3 - 2*t**2 + 4*t - 5. Let v be p(2). Calculate the highest common divisor of v and f.
3
Suppose 7*a - 5*a - 40 = 0. Calculate the greatest common divisor of 40 and a.
20
Let g be (0 + 8/3)*(-561)/(-68). Calculate the highest common factor of g and 99.
11
Let m be (33/9 + -3)/(2/108). Calculate the greatest common factor of 72 and m.
36
Suppose -5*j + 0*m = -m - 11, 2 = 3*j + 4*m. Calculate the greatest common divisor of j and 8.
2
Suppose 2*d = -4*j + j + 23, -2*d + 28 = 4*j. Suppose -5*b + j*u = -200, 0 = 2*u - 6*u. Let i = -20 + b. What is the highest common divisor of i and 5?
5
Let s = 24 - 8. Suppose z - 4*z = 36. Let t be z*7/((-7)/12). What is the highest common divisor of t and s?
16
Let j be -1*69*(0 - 1). Let h be 1101/24 + 2/(160/10). Calculate the highest common factor of h and j.
23
Let z(t) = -t**2 - 6*t + 5. Let i be z(-6). Suppose 0 = -4*f + i*s + 86, -3*f - 21 = -s - 91. Calculate the greatest common factor of f and 16.
8
Suppose 0 = -4*t - 3*r + 35, 0*t - 19 = -2*t - r. Let k be 16/88 - (-64)/t. What is the highest common divisor of k and 3?
3
Let g be 12/15*70/(-4). Let a = 30 - g. Let u(o) = -2*o - 8. Let w be u(-6). Calculate the greatest common divisor of a and w.
4
Let c(a) = a - 9. Let q(v) = -v + 9. Let p(f) = 3*c(f) + 4*q(f). Let s be p(0). Suppose -2*g - 55 = -253. Calculate the greatest common factor of s and g.
9
Let o = 83 + 5. Calculate the greatest common factor of o and 11.
11
Let f(b) = b - 13. Let r be f(13). Suppose r*i + 165 = i. Calculate the greatest common factor of 15 and i.
15
Let y(r) = 10*r + 1. Let u be y(2). Suppose u = -4*t + 85. What is the highest common divisor of t and 2?
2
Let b(q) = -2*q**2 - 15*q + 1. Let a be b(-7). Calculate the highest common divisor of 8 and a.
8
Suppose 2*c = x - 13, -4*x = -3*c - 46 + 19. Suppose 13 = s - t, s + 0 = -x*t + 21. Calculate the highest common factor of s and 6.
3
Suppose 0*v = -2*v + 550. Suppose -3*t + 5 = -2*r - 4, t - 3 = 2*r. Suppose t*x - 2*x = 25. What is the highest common factor of v and x?
25
Suppose 5*y - 7 + 82 = 0. Let l = -21 - y. Let j(p) = -p**2 - 6*p + 1. Let c be j(l). What is the highest common divisor of 1 and c?
1
Let v(q) = -4*q + 23. Let t(o) = -2*o + 11. Let r(p) = -13*t(p) + 6*v(p). Let g be r(6). What is the greatest common factor of 1 and g?
1
Let x = 184 - 99. Suppose 3*o = -4*s + 98, 24 = 5*s - 3*o - x. Suppose 5 + s = z. Calculate the greatest common factor of z and 7.
7
Suppose -t - 2 = -6. Suppose v + 10 = -k, t*v + 0*v - 24 = 4*k. Let w(j) = -j**3 - 6*j**2 + 9*j. Let a be w(k). What is the greatest common divisor of a and 8?
8
Suppose -3*l + 5*s + 17 = 0, -2*s - 2*s = 2*l - 48. Let j = -2 + 44. What is the greatest common divisor of l and j?
14
Let f(q) = q**3 + 4*q**2 - 7*q + 1. Let a be f(-5). Let m(p) = -5*p - 70. Let x be m(-25). What is the greatest common divisor of a and x?
11
Let c = -167 - -239. Calculate the greatest common factor of 8 and c.
8
Suppose 35 = 3*n - 0*s - s, 5*s + 75 = 5*n. Calculate the highest common factor of 15 and n.
5
Let m = 11 - 4. Let w be (-142)/(-4) + m/(-14). What is the highest common factor of w a